m. What are the prime factors of o?
43
List the prime factors of 14/77 + (-284)/(-11).
2, 13
Let m = 8 + -5. Suppose -70 = -8*j + m*j. What are the prime factors of j?
2, 7
Let u be (-312)/54 + (-2)/9. List the prime factors of -1 + 2 - (u + 1).
2, 3
Let j(y) = -4*y**2 + 1. Let f be j(7). What are the prime factors of (-2)/(-6) + f/(-9)?
2, 11
Suppose -2*a + 4*x - 74 = 0, 0 = 7*a - 2*a - 4*x + 191. Let u be (-1 - (55 + -1))*-1. Let f = a + u. What are the prime factors of f?
2
Suppose 3*r + 5*g = 377, -5*g + 645 = 4*r + r. What are the prime factors of r?
2, 67
Let l = -24 + 1. Let t be l/(-6) + 3/18. Suppose 10 = t*s - 14. What are the prime factors of s?
2, 3
Suppose -9*j - 12*j + 5607 = 0. List the prime factors of j.
3, 89
Let s(c) be the second derivative of 2*c - 2/3*c**3 + 7/2*c**2 + 0 - 1/12*c**4. List the prime factors of s(-5).
2
Suppose -2*d - 25 = 5*t, 5*t + 5*d + 25 = d. Let n = t - -31. List the prime factors of n.
2, 13
Suppose -7*t - 135 = -k - 2*t, -5*k = 5*t - 765. What are the prime factors of k?
2, 3, 5
Suppose 22*h = 10443 - 1995. List the prime factors of h.
2, 3
Suppose 7*k - 17*k = -1090. What are the prime factors of k?
109
Suppose 0*o - 9 = o. Let j be 6/o - (-2)/(-6). Let m(t) = 8*t**2 - 1. List the prime factors of m(j).
7
Suppose -3*d - 2*g + 77 = 0, -3*g + 66 = 2*d + 13. Suppose -3*p - 2*p = -d. Suppose 3*m - 15 = -p*t, 2*t = t - 4*m + 3. List the prime factors of t.
3
Let w(p) = p**2 - 6*p - 19. Let g be w(8). Let t = 1 - 3. List the prime factors of g*26/(-6) + t.
11
Let x(c) = -c**2 + c - 1. Let h(f) = -5*f**2 + 5*f - 16. Let w(u) = -h(u) + 6*x(u). What are the prime factors of w(0)?
2, 5
Let x(m) = 2*m - 2. Let h(g) = g - 1. Let p(t) = 17*h(t) - 6*x(t). List the prime factors of p(6).
5
Suppose -4*z + 32 = -3*z. What are the prime factors of z?
2
Suppose n = -l + 79, 3*l + 2*n + 3*n = 235. What are the prime factors of l?
2, 5
Suppose 2*k - 4*k - 12 = 0. Let a(i) = 13*i**3 - 2*i**2 + 2*i - 1. Let s be a(1). Let y = s + k. What are the prime factors of y?
2, 3
Let n = -28 - -218. List the prime factors of n.
2, 5, 19
Let x be ((-14)/21)/(4/(-186)). Suppose -x = -m - 9. What are the prime factors of m?
2, 11
Let x(s) = -s + 2. Let n(i) = -1. Let k(o) = 2*n(o) - x(o). Let q be k(3). List the prime factors of ((-50)/15)/(q/3).
2, 5
Suppose -3*m = -0*m - 15. Suppose 2*k = -3*n, 0 = k + k - m*n. Suppose k*c + 11 = c. List the prime factors of c.
11
Let r be (-4)/18 + 141/27. Let d be (r/3)/((-1)/(-3)). Suppose -d*w - 69 = -4*b - 14, 0 = 2*b + 3*w - 11. What are the prime factors of b?
2, 5
Let s = 105 - 66. Let i be ((-8)/(-12))/(2/s). Suppose i - 3 = 5*x. What are the prime factors of x?
2
Let u(b) = -b + 1. Let d be u(-4). Suppose -2*k = f - 5, 2*k + d*f - 9 = -0. What are the prime factors of (3 + k*-2)*-12?
2, 3
Let y be (-128)/(-9) - (-18)/(-81). Suppose 3*x + 2 - y = -i, 5*x = -4*i + 20. Suppose 4*d + 67 = 3*q, 25 = -x*q - 5*d + 73. What are the prime factors of q?
17
Suppose m + 21 = 5*t, -9 - 6 = -4*t - m. What are the prime factors of t?
2
Let b(r) = -23*r - 57. List the prime factors of b(-11).
2, 7
Let z = -225 + 453. List the prime factors of z.
2, 3, 19
Suppose f + 13 = -3. What are the prime factors of (-40)/f*(0 + 18)?
3, 5
Suppose -3*w + 4*o + 27 = 0, 2*w - 4*o + 7 = 29. Suppose 0 = s - w*v + 42, 14 = -0*s - 2*s - 4*v. Let j = -10 - s. What are the prime factors of j?
7
Let s(i) = -i**3 + 5*i**2 + 3*i - 4. List the prime factors of s(-6).
2, 11, 17
Suppose -3*z = -5*h + 2*h + 207, h - 99 = -5*z. Suppose -3*w + 7*m + 43 = 3*m, -3*m + h = 4*w. List the prime factors of w.
17
Let w(m) = 35*m**3 - m**2 - m + 1. Let d be w(1). Let x be 4*(-1 - d/(-8)). Let i = x + -6. List the prime factors of i.
7
Let p = -2 - -3. Suppose -5*g = -9 - p. Suppose 0*v = g*v - 10. List the prime factors of v.
5
Let x(s) = 3*s - 8. Let g be x(-6). Let m = g - -38. List the prime factors of m.
2, 3
Let y = 5 - 1. List the prime factors of y.
2
Suppose -2*x - 4*w + 13 = 3*x, -2*w = x + 1. Suppose -x*m + 23 = -2. List the prime factors of m.
5
Let u be (-1)/2 - (-52)/8. Suppose u = y + y. Let n = 4 + y. What are the prime factors of n?
7
Let g = -6 - -11. Let m be (2 - g - -2) + 1. Suppose m = -2*n + 6*z - 4*z + 38, -3*z = -n + 25. List the prime factors of n.
2
Let b = 23 - 17. What are the prime factors of b?
2, 3
Let z(c) = 5*c**2 + 2*c + 1. Suppose 0 = w - 5 + 6. Let r be z(w). List the prime factors of (r/(-6))/(2/(-12)).
2
Suppose o - 2 - 2 = 0. Suppose 0 = o*v - 6 - 6. Suppose -v = -j + 8. List the prime factors of j.
11
Let i(q) be the first derivative of -13*q**2/2 + 8*q + 1. What are the prime factors of i(-4)?
2, 3, 5
Suppose -l - 5*u + 34 = -4*l, 0 = 5*l + u + 38. Let y be -2 + ((-2)/2 - l). Suppose p + p + 23 = 5*t, -5*t = -y*p - 35. What are the prime factors of t?
3
Suppose 267 - 43 = h. List the prime factors of h.
2, 7
Let c = 11 - 9. Suppose -2*j = -2*n + 3*j - 29, 2*n - c*j + 20 = 0. List the prime factors of (-2)/n + (-702)/(-42).
17
Suppose -4*f + 9*f = 125. Let x = 46 - f. List the prime factors of x.
3, 7
Let x be 12/(-9)*3 + 2. List the prime factors of 30/(1 + 1) + x.
13
Suppose 2*k = -2*k + 8. What are the prime factors of 26/k*(-2)/(-2)?
13
Let y be 126/35 + 2/5. Suppose -4 = -3*b + 4*m + 17, y*m + 18 = 2*b. What are the prime factors of b?
3
Suppose 3*n - 4*n = 0. Suppose 5*o - 25 = 4*m, -3*m - 2*o = -10 - n. Suppose j = -m*j + 9. What are the prime factors of j?
3
Suppose -18 = -2*w - 10. Suppose -3*n - m + 5 + 0 = 0, 4*m + 28 = w*n. What are the prime factors of n?
3
Suppose i + 2*i = -9. Let p = 7 + i. Suppose -2*u - 4*k + 8 = -p, 0 = u - k. What are the prime factors of u?
2
Let u be -1 + (0 - -2) + 2. Suppose h - 27 = -u*t + 7*t, 4*h - 23 = -t. List the prime factors of ((-24)/(-14))/(1/h).
2, 3
Suppose 0 = 5*w - b + 1, 3 = 5*w - 3*b - 4. What are the prime factors of 18 + 0 + w + -1?
2
Suppose -5*z + 3*z + 12 = 0. List the prime factors of z.
2, 3
Let z(n) = -n**3 - n + 2. Let v be z(0). Suppose v = o - 4. List the prime factors of (o/(-4))/((-6)/8).
2
Suppose 0 = 3*o - 16 - 50. List the prime factors of o.
2, 11
Let t(s) = -s. Let o(u) = 6*u - 1. Let y(k) = o(k) + 5*t(k). Let v be y(1). Suppose v*p + 16 = 4*p. List the prime factors of p.
2
Suppose -2*z = 3*z. Suppose -c - 13 = 3*t - 2*t, z = -4*c - 5*t - 57. List the prime factors of (1 + 3)*(-4)/c.
2
Suppose g + 171 = i, -2*g - 5 = -7*g. List the prime factors of i.
2, 43
Let m = -22 - -54. List the prime factors of m.
2
Suppose 15 = 4*j + z, 2*j - 4*z = 3*j + 15. Suppose -3*b - b + 72 = j*q, -2*b = q - 18. What are the prime factors of q?
2, 3
Let q(a) = 2*a. Suppose -4 = 2*w - w. Let c = 7 + w. What are the prime factors of q(c)?
2, 3
Let v(k) = -2*k**3 - 3*k**2 + 3*k + 4. Let f(s) = s**3 - s**2 + s. Let o(t) = 3*f(t) + v(t). What are the prime factors of o(5)?
3
Let j(d) = 15*d**2 - 7*d - 1. What are the prime factors of j(5)?
3, 113
Let j(i) = -i**3 + 5*i**2 + 2*i. What are the prime factors of j(5)?
2, 5
Suppose -3*q + 0*q = -r - 2, r - 6 = -5*q. What are the prime factors of 2 + -3 - -11 - r?
3
Let r = 5 - 1. Let p be (4/12)/(2/18). Suppose -70 = -r*l + 2*q, -5*l - p*q = -154 + 50. List the prime factors of l.
19
Let p(v) = -3*v. Let k be p(-3). Let s = -3 + k. List the prime factors of s.
2, 3
Suppose -4*q + 181 = 2*y + y, 0 = -2*q - 4. What are the prime factors of y?
3, 7
Suppose 0 = 8*f - 4*f - 292. List the prime factors of f.
73
Let w = -10 + 10. Suppose i + 3 - 14 = w. List the prime factors of i.
11
Let v(h) = -h + 4. Let d(w) = 2*w - 8. Let g(c) = 4*d(c) + 7*v(c). What are the prime factors of g(6)?
2
Let d = 5 + -6. What are the prime factors of 0/d + 7 + -3?
2
List the prime factors of 85/(0 - 1/(-3 - -2)).
5, 17
Let a = 2 + 1. Suppose 7*w - 3*w - 144 = 0. Suppose w = -0*z + a*z. List the prime factors of z.
2, 3
Suppose l = -0*n - 2*n + 46, 3*l + n = 133. List the prime factors of l.
2, 11
Let f(s) be the first derivative of -s**3/3 + 7*s**2/2 - 4*s - 2. Let y be f(6). Suppose 0 = 6*r - y*r - 24. What are the prime factors of r?
2, 3
Suppose 3*v - x = -26, -4*v + 3*x + 2*x = 31. Let n be 3/v + (-16)/(-3). Suppose -3*u = n*d - 18, -3*d = 2*u - 3*u + 20. What are the prime factors of u?
11
Suppose 0 = -0*m + m - 3. Let c 